{"id":976,"date":"2019-02-12T11:07:07","date_gmt":"2019-02-12T10:07:07","guid":{"rendered":"https:\/\/ms-mil.de\/?page_id=976"},"modified":"2019-02-12T11:20:24","modified_gmt":"2019-02-12T10:20:24","slug":"kunst-in-der-kochsmuehle-2","status":"publish","type":"page","link":"https:\/\/ms-mil.de\/?page_id=976","title":{"rendered":"Gewinnerauswahl Kochsm\u00fchle 2019"},"content":{"rendered":"\n<figure class=\"wp-block-image\"><img decoding=\"async\" loading=\"lazy\" width=\"512\" height=\"339\" src=\"https:\/\/ms-mil.de\/wp-content\/uploads\/2019\/02\/DSC_3342.jpg\" alt=\"\" class=\"wp-image-982\" srcset=\"https:\/\/ms-mil.de\/wp-content\/uploads\/2019\/02\/DSC_3342.jpg 512w, https:\/\/ms-mil.de\/wp-content\/uploads\/2019\/02\/DSC_3342-300x199.jpg 300w\" sizes=\"(max-width: 512px) 100vw, 512px\" \/><figcaption>Ist in der n\u00e4heren Auswahl: Bild von Riordan Wassum, 7a<\/figcaption><\/figure>\n\n\n\n<p>Folgende Sch\u00fcler\/Innen haben mit Ihrem Bild ein Chance auf den Hauptgewinn. Bereits im Schuljahr 2017\/18 hatte Nikita Shipitsin einen \"Schaefler-Preis\" mit einer Auslosung in B\u00fcrgerzentrum Elsenfeld gewonnen.<\/p>\n\n\n\n<p>Raluca Coman, 7bM<br>Mohammad Soleyman, 7bM<br><br>Riordan Wassum, 7a<br>Erblina Berisha, 7a<br>Tim Gr\u00e4\u00dfler, 7a<br><br>Ovidiu Ciuciuna, 8a<br>Somia Abazid, 8a<br>Jonas Kempf, 8a<br><br>Anastassiya Remesnik, 8bM<br>Grazia Troisi, 8bM<br>Christiana Vilcea, 8bM<br>Nele Geyer, 8bM<br><br>Ichrak Mezian, 9ab<br>Evelina Stang, 9ab<br>Anika Gramlich, 9ab<br><br>Lilly White, 9cM<br>Veronika Gabriel, 9cM<br>Juliana Pereira Gracia, 9cM<br>Sarah Fries, 9cM<\/p>\n","protected":false},"excerpt":{"rendered":"<p>Folgende Sch\u00fcler\/Innen haben mit Ihrem Bild ein Chance auf den Hauptgewinn. Bereits im Schuljahr 2017\/18 hatte Nikita Shipitsin einen \"Schaefler-Preis\" mit einer Auslosung in B\u00fcrgerzentrum Elsenfeld gewonnen. Raluca Coman, 7bMMohammad Soleyman, 7bM Riordan Wassum, 7aErblina Berisha, 7aTim Gr\u00e4\u00dfler, 7a Ovidiu Ciuciuna, 8aSomia Abazid, 8aJonas Kempf, 8a Anastassiya Remesnik, 8bMGrazia Troisi, 8bMChristiana Vilcea, 8bMNele Geyer, 8bM <a href=\"https:\/\/ms-mil.de\/?page_id=976\" class=\"more-link\">...weiterlesen<span class=\"screen-reader-text\"> \"Gewinnerauswahl Kochsm\u00fchle 2019\"<\/span><\/a><\/p>\n","protected":false},"author":3,"featured_media":0,"parent":61,"menu_order":0,"comment_status":"closed","ping_status":"open","template":"","meta":[],"_links":{"self":[{"href":"https:\/\/ms-mil.de\/index.php?rest_route=\/wp\/v2\/pages\/976"}],"collection":[{"href":"https:\/\/ms-mil.de\/index.php?rest_route=\/wp\/v2\/pages"}],"about":[{"href":"https:\/\/ms-mil.de\/index.php?rest_route=\/wp\/v2\/types\/page"}],"author":[{"embeddable":true,"href":"https:\/\/ms-mil.de\/index.php?rest_route=\/wp\/v2\/users\/3"}],"replies":[{"embeddable":true,"href":"https:\/\/ms-mil.de\/index.php?rest_route=%2Fwp%2Fv2%2Fcomments&post=976"}],"version-history":[{"count":5,"href":"https:\/\/ms-mil.de\/index.php?rest_route=\/wp\/v2\/pages\/976\/revisions"}],"predecessor-version":[{"id":983,"href":"https:\/\/ms-mil.de\/index.php?rest_route=\/wp\/v2\/pages\/976\/revisions\/983"}],"up":[{"embeddable":true,"href":"https:\/\/ms-mil.de\/index.php?rest_route=\/wp\/v2\/pages\/61"}],"wp:attachment":[{"href":"https:\/\/ms-mil.de\/index.php?rest_route=%2Fwp%2Fv2%2Fmedia&parent=976"}],"curies":[{"name":"wp","href":"https:\/\/api.w.org\/{rel}","templated":true}]}}